2 + 0*g + 16*g + 2*g**3 - 43*g**2 + 43*g**2 + 41. Is s(16) composite?
True
Let n(o) = 67602*o**3 + 2*o**2 - 7*o + 4. Is n(1) a prime number?
True
Let p(i) = i**3 - 15*i**2 + 2*i + 6. Let j be p(15). Let y = -21 + j. Suppose -y*r = -14*r - 449. Is r prime?
True
Suppose 6*h - 3*h - 279 = -4*g, 2*h = g - 56. Let y = g - 17. Suppose -y = -w + 2. Is w composite?
True
Is 3*(-432140)/(-51) + -21 a prime number?
False
Let k = -51265 + 28613. Let z = k + 43163. Suppose 5*y + 1016 - z = 0. Is y a composite number?
True
Let y(w) = -2382*w - 35. Is y(-17) a composite number?
False
Suppose 0 = -52*p + 7465133 + 961623. Is p composite?
False
Let i(y) = y**3 - 3*y**2 + 115*y + 6. Is i(47) prime?
True
Let v(y) = y + 1. Let t(l) = -105*l - 12. Let w(k) = t(k) + 2*v(k). Let u be (-48)/15 - 10/(-50). Is w(u) prime?
False
Let t = -66 - -67. Let f(w) be the second derivative of 10*w**3/3 + w**2 - 5*w. Is f(t) a composite number?
True
Let j be 1892/66*5/((-5)/6). Let f = -502 - -151. Let y = j - f. Is y a composite number?
False
Let k(t) = t**3 - 20*t**2 - 22*t + 16. Let o be k(21). Let p(b) = -6*b - 12*b - 9 - 60*b. Is p(o) a prime number?
False
Suppose 2*z + 1239507 = 5*v + 3*z, -z + 743705 = 3*v. Is v a composite number?
False
Suppose -13*c + 141 = -171. Suppose -20*k - 9308 = -c*k. Is k a prime number?
False
Suppose 5*c + 14 = -26. Let x(z) = z**3 + 8*z**2 - z - 5. Let d be x(c). Suppose -4*w = -5*r - 2387, 2*w - r - d*r - 1198 = 0. Is w prime?
True
Suppose -29332770 = -94*o + 2*o - 22*o. Is o a prime number?
False
Let t(a) = -a**2 - 16*a - 19. Let j be t(-14). Suppose 0 = -5*b + 1 + j. Suppose -5*v + 752 = 2*r, b*v + 819 = 3*r - 328. Is r a composite number?
True
Suppose -40*m + 25904691 = 11*m + 30*m. Is m a prime number?
True
Let f(d) = -155*d - 22. Let n(c) = -465*c - 65. Let z(j) = j**3 + 4*j**2 - 2*j - 2. Let t be z(-4). Let g(i) = t*n(i) - 17*f(i). Is g(-6) prime?
False
Suppose 18 = 2*j + 4*j. Let h(s) = 9*s - 15. Let l be h(j). Is (311/4)/(3/l) a prime number?
True
Let c(q) = 10*q + 8. Let g be c(2). Suppose -8 = 5*k - g. Suppose -k*z + 3*m + 4613 = -2*z, 0 = -z - 3*m + 2293. Is z a prime number?
False
Let o = 210 + 27. Suppose 2*h + 152 = 4*x, 4*h - 34*x = -32*x - 322. Let y = o + h. Is y a composite number?
True
Let f(d) = -27916*d + 1613. Is f(-2) prime?
False
Suppose 5*y - 8285 = -4*v, 2*y + 4*v + 0*v = 3302. Suppose 5*q - t = 22, 0*t - t = 4*q - 23. Suppose 0 = -3*h - f + 1175, -q*f - y = -4*h - 107. Is h composite?
True
Suppose 18*y = -4*j + 22*y + 36, 0 = y + 4. Suppose 4*v - x + 15 - 1336 = 0, j*v + 5*x - 1670 = 0. Is v a composite number?
False
Let x(y) = -2*y**3 - 6*y**2 - 8*y - 4. Let r be x(-2). Suppose r*h = -5*t + 263, -6*t + 3*h + 198 = -2*t. Is t a composite number?
True
Suppose -5 = 10*l - 135. Suppose -l*b + 8*b = -7555. Is b a prime number?
True
Suppose -7*b + 541 = -264. Suppose 2*z + 5 = 5*a, -7*z = -3*z - 20. Suppose -3 = u, 463 - b = a*v - u. Is v composite?
True
Let c(v) = -v**2 - 13*v + 52. Let a be c(3). Suppose 0*s - 4*s - 23795 = -5*b, a*s - 19036 = -4*b. Is b composite?
False
Suppose 0 = 2*k - 5*f + 55, -5*k = -2*f + 33 + 94. Let q(i) = -401*i - 84. Is q(k) composite?
False
Suppose -54*h = -55*h + 2. Suppose 833 = h*o - 121. Suppose o = 6*a + 159. Is a composite?
False
Let u(p) = 22*p + 88. Let z be u(-4). Suppose -2*v + 2 + 8 = 0. Suppose 2*h + v*h - 2989 = z. Is h composite?
True
Let m(x) = -x**3 + 24*x**2 + 34*x - 35. Let d be m(25). Suppose i = -5*c + 166, d - 19 = i + 4*c. Is i a composite number?
False
Suppose 2*b - 4*t = 433622, 5*b - 841775 - 242208 = -2*t. Is b composite?
True
Let n = 244 - -2065. Let m = n - -7104. Is m prime?
True
Suppose -10185540 = -6*i - 54*i. Is i a prime number?
False
Suppose -2*s - 2*f + 9575 = -77717, 2*s + f - 87289 = 0. Let q = s - 18540. Is q composite?
True
Suppose 29*d - 219113 = 12*d. Is d composite?
False
Suppose 11*o - 278128 - 312814 = 0. Is o a prime number?
False
Let d(t) = 15*t - 2. Let w(q) = 6*q - 29. Suppose -j = -3*j + 12. Let b be w(j). Is d(b) composite?
False
Let z(t) = -177*t - 189. Suppose 4*j = 8, 3*n - 3*j + 38 = -8*j. Is z(n) prime?
False
Suppose 2*y - 314026 = -3*q, y = 4*q + 115612 + 41379. Is y prime?
True
Let l = -41994 - -254785. Is l composite?
False
Let d(f) = f - 4. Let m be d(1). Is (-1*1671)/(6*m/18) composite?
True
Suppose 615 = -u + 16*u. Let b = u + -41. Is (628 + (1 - b))*1 a composite number?
True
Let t be 3/6 - (-3489)/6. Let r = t - -1751. Is r a prime number?
True
Let i(q) = 9*q**2 + 8*q - 1348. Is i(37) a prime number?
False
Let v(n) = 8*n**3 + n**2 + 9*n + 11. Let f(y) = 26*y + 17. Let u be f(-4). Let w = u + 94. Is v(w) prime?
False
Suppose -478 = -5*j - 48. Let m = j + 355. Let f = m + -250. Is f a composite number?
False
Suppose -2*q = -3*r + 210818 + 46857, 0 = 4*r + 5*q - 343536. Is r prime?
True
Suppose -k - 201*a + 204*a + 33529 = 0, 67070 = 2*k - 3*a. Is k a prime number?
False
Let s be (-13)/(91/(-2))*14. Suppose 10 = 2*i, 291 = 2*f + s*i - 10219. Is f prime?
False
Suppose 5*q - 110 = -5*x, 4*q - 102 = -15*x + 18*x. Suppose 8*m = q*m - 10672. Is m prime?
False
Let w be (324/14)/(-3) - 20/70. Let h(x) = 15*x**2 + 10*x - 1. Let n(l) = 31*l**2 + 20*l - 3. Let o(s) = 5*h(s) - 2*n(s). Is o(w) composite?
True
Let m(x) be the second derivative of -13*x**3 - 21*x**2/2 + 9*x. Let b be (-18)/4*52/39. Is m(b) prime?
False
Let x = 1 + -1. Suppose y + 882 = 2*h - 3*y, -2229 = -5*h - 2*y. Suppose o + x*o - h = 0. Is o a prime number?
False
Let m(z) = z**3 + 76*z**2 - 207*z - 163. Is m(-39) prime?
True
Let s be (9/(-6) + 2)*-14. Let n be (-33)/4*(11 + s). Is (-1771)/n + (-4)/6 composite?
False
Let x(r) = 2*r**3 + 11*r**2 + 3*r - 6. Let k be x(-5). Suppose 0 = -2*b - k*u + 11558, 113*u - 111*u = -3*b + 17337. Is b prime?
True
Suppose -35 = -3*f - 26. Let i(y) = y**2 - y. Let h be i(f). Is 3784/h - ((-25)/15)/5 prime?
True
Let s = 65777 - 37384. Is s a prime number?
True
Let m = 77 + -74. Suppose -t = 4*f - 2565, m*f + 4*t + 986 = 2913. Is f a prime number?
True
Let p(d) = -40546*d**3 + 10*d**2 + 10*d + 1. Is p(-1) composite?
True
Let k(d) = -11 - 38*d**3 - 3*d + 0*d + d**2 - 13 - 1. Is k(-9) a prime number?
False
Suppose 6*m + 4*u - 100251 = 5*m, 5*m - 501150 = u. Is m prime?
False
Let b(i) = i**3 - 4*i**2 - 3*i - 6. Let d be b(5). Suppose -2*n + n = -d. Suppose -v + n*t = -103, -3*t + 2*t = -v + 94. Is v a composite number?
True
Let c be (-11 - -10)/(2/4). Let b be (-36)/8*c + 2. Suppose -2*s - b*s + 30017 = 0. Is s a prime number?
True
Suppose -22*l - 80811 = -u - 23*l, 0 = -u - 5*l + 80827. Is u a prime number?
False
Let z = 129 + 410. Let t = z + 654. Is t a composite number?
False
Let m be 6 + (8 - 3)/5. Let w(y) = 12*y**2 - 3*y - 1. Let c be w(m). Let s = c + -247. Is s prime?
False
Let o(t) = 178*t**2 - 8*t + 35. Let b(j) = 5*j**2 - 5*j + 1. Let x be b(2). Is o(x) a composite number?
True
Let m(c) = -c - 2. Let q be m(1). Let h be (3/(-6))/(-2*q/15336). Let f = -691 - h. Is f prime?
True
Let u(q) = -11*q - 36. Let w be u(-4). Let l be (-12)/21*((-140)/w)/5. Suppose 3*f - 15 = 6*f, l*i - 45 = 3*f. Is i prime?
False
Suppose -10*b = -0*b + 26710. Let o = b + 5406. Is o a composite number?
True
Suppose -t - y + 19725 = 0, -31073 = -t + 5*y - 11354. Suppose 0 = 21*n - 148759 - t. Is n a composite number?
True
Suppose 3*b - 72 + 66 = 0. Is b*1 + 149 + 12 prime?
True
Suppose -5*d - n = 26918 - 6348, -4*n - 20585 = 5*d. Let w = -2714 - d. Is w a composite number?
False
Suppose 0 = -3*u + 7*u + 3*d - 7635, 0 = 5*u - 2*d - 9561. Let f be 3195/((-225)/15) - (-2 + (1 - -6)). Let j = u + f. Is j composite?
False
Let h(r) = 9400*r + 229. Is h(6) composite?
False
Let l(k) = 57*k**2 - 10*k - 214. Is l(-51) a prime number?
False
Let s = -465 + -3796. Let g be s/(-7) + 20/70. Suppose 3*u = u, -g = -3*d + 4*u. Is d a composite number?
True
Suppose -10*x + 32706881 = 66*x + 105*x. Is x a prime number?
True
Let q(f) = f**2 + f + 2. Let k be q(-2). Suppose k*o = 20, 0 = -2*j - 4*o + 70. Suppose 3868 = -21*d + j*d. Is d prime?
True
Let h = -89 + 61548. Is h composite?
True
Suppose -9*o + 16*o - 732508 = -7*o. Is o a composite number?
True
Let d be (0 - (-362 + -1)) + -3. Let j = 1305 - 295. Suppose -5*k + 3*m = -j - d, 4*k - 5*m - 1109 = 0. Is k composite?
False
Le